{"id":5470,"date":"2023-11-14T01:18:30","date_gmt":"2023-11-14T01:18:30","guid":{"rendered":"https:\/\/asymmetricbydesign.com\/product\/plus-forts-ensemble\/"},"modified":"2024-07-25T03:44:13","modified_gmt":"2024-07-25T03:44:13","slug":"plus-forts-ensemble","status":"publish","type":"product","link":"https:\/\/asymmetricbydesign.com\/fr\/produit\/plus-forts-ensemble\/","title":{"rendered":"Plus forts ensemble"},"content":{"rendered":"","protected":false},"excerpt":{"rendered":"<p><strong>250 $ <\/strong><strong>CADPart de<\/strong><b>la collection Diversit\u00e9 et Inclusion :<\/b>\u00ab\u00a0Ce collier est impr\u00e9gn\u00e9 de symbolisme, depuis la<b> <i> perle <\/i><\/b>carr\u00e9e en r\u00e9sine vintage arc-en-ciel, qui repr\u00e9sente toutes les formes de diversit\u00e9, jusqu&rsquo;aux diff\u00e9rentes formes &#8211; nous nous pr\u00e9sentons sous toutes nos formes. Nous sommes tous des \u00eatres humains, nous ch\u00e9rissons l&rsquo;humanit\u00e9 et nous souhaitons un monde plus inclusif et plus tol\u00e9rant. Les inserts m\u00e9talliques sont d&rsquo;origine afghane, ce qui permet de soutenir les familles qui ont d\u00e9sesp\u00e9r\u00e9ment besoin d&rsquo;un revenu.  <\/p>\n<div class=\"x_elementToProof\"><b>L&rsquo;histoire de cette collection : <\/b>Elle tisse de mani\u00e8re complexe une tapisserie vibrante d&rsquo;inclusion \u00e0 travers des symboles soigneusement choisis. Chaque collier constitue une d\u00e9claration puissante, affirmant que la beaut\u00e9 s&rsquo;\u00e9panouit dans l&rsquo;acceptation de la diversit\u00e9 sous toutes ses formes &#8211; qu&rsquo;il s&rsquo;agisse de sexe, de religion, de nationalit\u00e9, d&rsquo;orientation sexuelle, etc. Incorporant des perles \u00e9clectiques de formes, de tailles, de textures et de mat\u00e9riaux divers, provenant d&rsquo;\u00e9poques et de lieux diff\u00e9rents, cette collection c\u00e9l\u00e8bre profond\u00e9ment la riche mosa\u00efque de l&rsquo;humanit\u00e9. Il capture l&rsquo;essence d&rsquo;un monde plus inclusif et plus tol\u00e9rant en symbolisant l&rsquo;interconnexion et la force d\u00e9riv\u00e9e de l&rsquo;unit\u00e9.<\/div>\n<div class=\"x_elementToProof\"><\/div>\n<div class=\"x_elementToProof\">Dans la mesure du possible, nous utilisons des mat\u00e9riaux recycl\u00e9s et anciens pour leurs qualit\u00e9s artistiques et leur faible impact sur l&rsquo;environnement. Nous aimons \u00e9galement soutenir les artisans dans les pays en d\u00e9veloppement, afin que les traditions et l&rsquo;artisanat restent vivants et soient transmis de g\u00e9n\u00e9ration en g\u00e9n\u00e9ration, et afin d&rsquo;aider leurs familles \u00e0 subvenir \u00e0 leurs besoins.<\/div>\n","protected":false},"featured_media":5194,"template":"","meta":{"_acf_changed":false,"site-sidebar-layout":"default","site-content-layout":"default","ast-site-content-layout":"default","site-content-style":"default","site-sidebar-style":"default","ast-global-header-display":"","ast-banner-title-visibility":"","ast-main-header-display":"","ast-hfb-above-header-display":"","ast-hfb-below-header-display":"","ast-hfb-mobile-header-display":"","site-post-title":"","ast-breadcrumbs-content":"","ast-featured-img":"","footer-sml-layout":"","ast-disable-related-posts":"","theme-transparent-header-meta":"default","adv-header-id-meta":"","stick-header-meta":"default","header-above-stick-meta":"","header-main-stick-meta":"","header-below-stick-meta":"","astra-migrate-meta-layouts":"default","ast-page-background-enabled":"default","ast-page-background-meta":{"desktop":{"background-color":"var(--ast-global-color-4)","background-image":"","background-repeat":"repeat","background-position":"center center","background-size":"auto","background-attachment":"scroll","background-type":"","background-media":"","overlay-type":"","overlay-color":"","overlay-opacity":"","overlay-gradient":""},"tablet":{"background-color":"","background-image":"","background-repeat":"repeat","background-position":"center center","background-size":"auto","background-attachment":"scroll","background-type":"","background-media":"","overlay-type":"","overlay-color":"","overlay-opacity":"","overlay-gradient":""},"mobile":{"background-color":"","background-image":"","background-repeat":"repeat","background-position":"center center","background-size":"auto","background-attachment":"scroll","background-type":"","background-media":"","overlay-type":"","overlay-color":"","overlay-opacity":"","overlay-gradient":""}},"ast-content-background-meta":{"desktop":{"background-color":"var(--ast-global-color-5)","background-image":"","background-repeat":"repeat","background-position":"center center","background-size":"auto","background-attachment":"scroll","background-type":"","background-media":"","overlay-type":"","overlay-color":"","overlay-opacity":"","overlay-gradient":""},"tablet":{"background-color":"var(--ast-global-color-5)","background-image":"","background-repeat":"repeat","background-position":"center center","background-size":"auto","background-attachment":"scroll","background-type":"","background-media":"","overlay-type":"","overlay-color":"","overlay-opacity":"","overlay-gradient":""},"mobile":{"background-color":"var(--ast-global-color-5)","background-image":"","background-repeat":"repeat","background-position":"center center","background-size":"auto","background-attachment":"scroll","background-type":"","background-media":"","overlay-type":"","overlay-color":"","overlay-opacity":"","overlay-gradient":""}}},"product_brand":[],"product_cat":[81,82,71,94,89],"product_tag":[],"class_list":{"0":"post-5470","1":"product","2":"type-product","3":"status-publish","4":"has-post-thumbnail","6":"product_cat-amitie-diversite-et-inclusion","7":"product_cat-colliers","8":"product_cat-durable","9":"product_cat-fabrique-au-quebec","10":"product_cat-vintage-antique-fr","11":"desktop-align-center","12":"tablet-align-left","13":"mobile-align-left","14":"ast-product-gallery-layout-vertical-slider","15":"ast-product-tabs-layout-accordion","16":"ast-qv-on-image","18":"first","19":"outofstock","20":"shipping-taxable","21":"purchasable","22":"product-type-simple"},"acf":[],"_links":{"self":[{"href":"https:\/\/asymmetricbydesign.com\/fr\/wp-json\/wp\/v2\/product\/5470","targetHints":{"allow":["GET"]}}],"collection":[{"href":"https:\/\/asymmetricbydesign.com\/fr\/wp-json\/wp\/v2\/product"}],"about":[{"href":"https:\/\/asymmetricbydesign.com\/fr\/wp-json\/wp\/v2\/types\/product"}],"version-history":[{"count":0,"href":"https:\/\/asymmetricbydesign.com\/fr\/wp-json\/wp\/v2\/product\/5470\/revisions"}],"wp:featuredmedia":[{"embeddable":true,"href":"https:\/\/asymmetricbydesign.com\/fr\/wp-json\/wp\/v2\/media\/5194"}],"wp:attachment":[{"href":"https:\/\/asymmetricbydesign.com\/fr\/wp-json\/wp\/v2\/media?parent=5470"}],"wp:term":[{"taxonomy":"product_brand","embeddable":true,"href":"https:\/\/asymmetricbydesign.com\/fr\/wp-json\/wp\/v2\/product_brand?post=5470"},{"taxonomy":"product_cat","embeddable":true,"href":"https:\/\/asymmetricbydesign.com\/fr\/wp-json\/wp\/v2\/product_cat?post=5470"},{"taxonomy":"product_tag","embeddable":true,"href":"https:\/\/asymmetricbydesign.com\/fr\/wp-json\/wp\/v2\/product_tag?post=5470"}],"curies":[{"name":"wp","href":"https:\/\/api.w.org\/{rel}","templated":true}]}}

<p><strong>250 $ </strong><strong>CADPart de</strong><b>la collection Diversité et Inclusion :</b>« Ce collier est imprégné de symbolisme, depuis la<b> <i> perle </i></b>carrée en résine vintage arc-en-ciel, qui représente toutes les formes de diversité, jusqu&rsquo;aux différentes formes &#8211; nous nous présentons sous toutes nos formes. Nous sommes tous des êtres humains, nous chérissons l&rsquo;humanité et nous souhaitons un monde plus inclusif et plus tolérant. Les inserts métalliques sont d&rsquo;origine afghane, ce qui permet de soutenir les familles qui ont désespérément besoin d&rsquo;un revenu.  </p>
<div class="x_elementToProof"><b>L&rsquo;histoire de cette collection : </b>Elle tisse de manière complexe une tapisserie vibrante d&rsquo;inclusion à travers des symboles soigneusement choisis. Chaque collier constitue une déclaration puissante, affirmant que la beauté s&rsquo;épanouit dans l&rsquo;acceptation de la diversité sous toutes ses formes &#8211; qu&rsquo;il s&rsquo;agisse de sexe, de religion, de nationalité, d&rsquo;orientation sexuelle, etc. Incorporant des perles éclectiques de formes, de tailles, de textures et de matériaux divers, provenant d&rsquo;époques et de lieux différents, cette collection célèbre profondément la riche mosaïque de l&rsquo;humanité. Il capture l&rsquo;essence d&rsquo;un monde plus inclusif et plus tolérant en symbolisant l&rsquo;interconnexion et la force dérivée de l&rsquo;unité.</div>
<div class="x_elementToProof"></div>
<div class="x_elementToProof">Dans la mesure du possible, nous utilisons des matériaux recyclés et anciens pour leurs qualités artistiques et leur faible impact sur l&rsquo;environnement. Nous aimons également soutenir les artisans dans les pays en développement, afin que les traditions et l&rsquo;artisanat restent vivants et soient transmis de génération en génération, et afin d&rsquo;aider leurs familles à subvenir à leurs besoins.</div>
